{"id":23,"date":"2019-05-09T10:25:33","date_gmt":"2019-05-09T10:25:33","guid":{"rendered":"http:\/\/localhost\/yootheme_pro\/2019\/Makai\/Website_WP\/index.php\/surf-rentals\/"},"modified":"2022-12-19T12:37:27","modified_gmt":"2022-12-19T10:37:27","slug":"surf-rentals","status":"publish","type":"page","link":"https:\/\/www.urheiluhierojasami.fi\/?page_id=23","title":{"rendered":"Hinnasto"},"content":{"rendered":"<div>Asiakastyytyv\u00e4isyys on kunnia-asia<\/div>\n<h2>Huolehdin kehosi kuntoon<\/h2>\n<h2>Palveluhinnasto<\/h2>\n<div>\n<p>Klassinen hieronta, urheiluhieronta, nivelmobilisointia tai venytyksi\u00e4 &#8211; hinta sis\u00e4lt\u00e4\u00e4 kokonaisvaltaisen palvelun.<\/p>\n<\/div>\n<ul>\n<li>\n<h3>Hierontapalvelu<\/h3>\n<p>40,-<\/p>\n<div>\n<p>30 minuuttia<\/p>\n<\/div>\n<\/li>\n<li>\n<h3>Hierontapalvelu<\/h3>\n<p>50,-<\/p>\n<div>\n<p>45 minuuttia<\/p>\n<\/div>\n<\/li>\n<li>\n<h3>Hierontapalvelu<\/h3>\n<p>60,-<\/p>\n<div>\n<p>60 minuuttia<\/p>\n<\/div>\n<\/li>\n<li>\n<h3>Hierontapalvelu<\/h3>\n<p>80,-<\/p>\n<div>\n<p>90 minuuttia<\/p>\n<\/div>\n<\/li>\n<\/ul>\n<div>\n<p>Pid\u00e4t\u00e4mme oikeudet hinnanmuutoksiin. Hinnat eiv\u00e4t sis\u00e4ll\u00e4 arvonlis\u00e4veroa, sill\u00e4 koulutetun hierojan palveluista ei suoriteta arvonlis\u00e4veroa. Pyyd\u00e4n perumaan varatun ajan v\u00e4hint\u00e4\u00e4n vuorokautta ennen sovittua aikaa.<\/p>\n<\/div>\n<p><img src=\"wp-content\/uploads\/Maksutavat.png\" alt=\"\"><\/p>\n<h2>Varaa aika<\/h2>\n<div>\n<p>Ota yhteytt\u00e4 viestill\u00e4, soittamalla tai s\u00e4hk\u00f6postitse. Aikoja l\u00f6ytyy joustavasti. Kannattaa kysy\u00e4 my\u00f6s kiireaikoja.<\/p>\n<\/div>\n<ul>\n<li>\n<p>        <img src=\"wp-content\/uploads\/iphone.svg\" alt=\"\"><\/p>\n<div>\n<p>041 547 7482<\/p>\n<\/div>\n<p><a href=\"tel:0415477482\">Read more<\/a><\/p>\n<\/li>\n<li>\n<p>        <img src=\"wp-content\/uploads\/email.svg\" alt=\"\"><\/p>\n<div>\n<p>sami@urheiluhierojasami.fi<\/p>\n<\/div>\n<p><a href=\"mailto:sami@urheiluhierojasami.fi\">Read more<\/a><\/p>\n<\/li>\n<\/ul>\n<div>\n<p>Vastaan yhteydenottoihin useimmiten v\u00e4litt\u00f6m\u00e4sti, kuitenkin viimeist\u00e4\u00e4n muutaman tunnin kuluessa.<\/p>\n<\/div>\n<p><!-- {\"type\":\"layout\",\"children\":[{\"type\":\"section\",\"props\":{\"style\":\"default\",\"width\":\"\",\"vertical_align\":\"middle\",\"title_position\":\"center-right\",\"title_rotation\":\"left\",\"title_breakpoint\":\"l\",\"image_position\":\"center-left\",\"text_color\":\"\",\"width_expand\":\"left\",\"height\":\"\",\"padding\":\"large\",\"header_transparent\":\"\",\"animation\":\"\",\"title\":\"\",\"image\":\"\",\"image_size\":\"cover\",\"image_effect\":\"\",\"image_parallax_breakpoint\":\"\",\"image_visibility\":\"\",\"video_width\":\"\",\"video_height\":\"\",\"media_blend_mode\":\"\",\"padding_remove_bottom\":false,\"padding_remove_top\":true},\"children\":[{\"type\":\"row\",\"props\":{\"layout\":\"1-1\",\"breakpoint\":\"l\",\"fixed_width\":\"medium\",\"gutter\":\"\",\"width\":\"\",\"width_expand\":\"\",\"height\":\"\",\"margin\":\"\"},\"children\":[{\"type\":\"column\",\"props\":{\"widths\":[\"1-1\"],\"image_position\":\"bottom-center\",\"media_overlay_gradient\":\"\",\"vertical_align\":\"\",\"style\":\"\",\"text_color\":\"light\",\"padding\":\"large\",\"image\":\"wp-content\\\/uploads\\\/fin1.jpg\",\"image_size\":\"cover\",\"image_effect\":\"parallax\",\"image_parallax_breakpoint\":\"\",\"image_visibility\":\"\",\"media_blend_mode\":\"\",\"image_width\":\"2260\",\"image_parallax_bgy_start\":\"-5vw\",\"image_parallax_bgy_end\":\"4vw\"},\"children\":[{\"type\":\"headline\",\"props\":{\"title_element\":\"div\",\"title_style\":\"h3\",\"title_decoration\":\"\",\"title_color\":\"\",\"position\":\"\",\"position_z_index\":\"\",\"margin\":\"small\",\"maxwidth\":\"\",\"maxwidth_breakpoint\":\"\",\"block_align\":\"\",\"block_align_breakpoint\":\"\",\"block_align_fallback\":\"\",\"text_align\":\"center\",\"text_align_breakpoint\":\"\",\"text_align_fallback\":\"\",\"animation\":\"\",\"visibility\":\"\",\"css\":\"\",\"content\":\"Asiakastyytyv\\u00e4isyys on kunnia-asia\",\"title_font_family\":\"tertiary\"}},{\"type\":\"headline\",\"props\":{\"title_element\":\"h2\",\"title_style\":\"heading-small\",\"title_decoration\":\"\",\"title_color\":\"\",\"position\":\"\",\"position_z_index\":\"\",\"margin\":\"large\",\"maxwidth\":\"xxlarge\",\"maxwidth_breakpoint\":\"\",\"block_align\":\"center\",\"block_align_breakpoint\":\"\",\"block_align_fallback\":\"\",\"text_align\":\"center\",\"text_align_breakpoint\":\"\",\"text_align_fallback\":\"\",\"animation\":\"\",\"visibility\":\"\",\"content\":\"Huolehdin kehosi kuntoon\",\"margin_remove_top\":true,\"title_font_family\":\"\"}}]}]}],\"name\":\"Keho kuntoon\"},{\"type\":\"section\",\"props\":{\"style\":\"default\",\"width\":\"default\",\"vertical_align\":\"middle\",\"title_position\":\"top-left\",\"title_rotation\":\"left\",\"title_breakpoint\":\"xl\",\"image_position\":\"center-center\",\"text_color\":\"\",\"width_expand\":\"\",\"height\":\"\",\"padding\":\"small\",\"header_transparent\":\"\",\"animation\":\"\",\"image\":\"\",\"id\":\"pricing\",\"padding_remove_top\":false,\"padding_remove_bottom\":false},\"children\":[{\"type\":\"row\",\"props\":{\"layout\":\"1-1\",\"breakpoint\":\"m\",\"fixed_width\":\"large\",\"gutter\":\"\",\"width\":\"\",\"width_expand\":\"\",\"height\":\"\",\"margin\":\"xlarge\",\"id\":\"\",\"order_last\":true,\"margin_remove_top\":false,\"margin_remove_bottom\":true},\"children\":[{\"type\":\"column\",\"props\":{\"widths\":[\"1-1\"],\"image_position\":\"center-center\",\"media_overlay_gradient\":\"\",\"vertical_align\":\"\",\"style\":\"\",\"text_color\":\"\",\"padding\":\"small\"},\"children\":[{\"type\":\"headline\",\"props\":{\"title_element\":\"h2\",\"title_style\":\"\",\"title_decoration\":\"\",\"title_color\":\"\",\"position\":\"\",\"position_z_index\":\"\",\"margin\":\"\",\"maxwidth\":\"xlarge\",\"maxwidth_breakpoint\":\"\",\"block_align\":\"center\",\"block_align_breakpoint\":\"m\",\"block_align_fallback\":\"center\",\"text_align\":\"\",\"text_align_breakpoint\":\"\",\"text_align_fallback\":\"\",\"animation\":\"\",\"visibility\":\"\",\"content\":\"Palveluhinnasto\",\"parallax_breakpoint\":\"m\",\"parallax_y_start\":\"100\",\"parallax_y_end\":\"-100\",\"title_font_family\":\"\"}},{\"type\":\"text\",\"props\":{\"margin\":\"\",\"column_breakpoint\":\"m\",\"text_style\":\"lead\",\"text_color\":\"\",\"text_size\":\"\",\"column\":\"\",\"position\":\"\",\"position_z_index\":\"\",\"maxwidth\":\"xlarge\",\"maxwidth_breakpoint\":\"\",\"block_align\":\"center\",\"block_align_breakpoint\":\"\",\"block_align_fallback\":\"\",\"text_align\":\"\",\"text_align_breakpoint\":\"\",\"text_align_fallback\":\"\",\"animation\":\"\",\"visibility\":\"\",\"content\":\"\n\n<p>Klassinen hieronta, urheiluhieronta, nivelmobilisointia tai venytyksi\\u00e4 - hinta sis\\u00e4lt\\u00e4\\u00e4 kokonaisvaltaisen palvelun.<\\\/p>\"}},{\"type\":\"description_list\",\"props\":{\"show_title\":true,\"show_meta\":true,\"show_content\":true,\"show_link\":true,\"layout\":\"grid-2-m\",\"width\":\"expand\",\"gutter\":\"small\",\"meta_style\":\"h2\",\"meta_align\":\"below-content\",\"list_style\":\"\",\"breakpoint\":\"\",\"title_style\":\"h5\",\"title_color\":\"\",\"meta_color\":\"\",\"content_style\":\"\",\"link_style\":\"\",\"position\":\"\",\"position_z_index\":\"\",\"margin\":\"\",\"maxwidth\":\"xlarge\",\"maxwidth_breakpoint\":\"\",\"block_align\":\"center\",\"block_align_breakpoint\":\"m\",\"block_align_fallback\":\"center\",\"text_align\":\"\",\"text_align_breakpoint\":\"\",\"text_align_fallback\":\"\",\"animation\":\"\",\"visibility\":\"\",\"list_size\":false,\"leader\":true,\"parallax_breakpoint\":\"\",\"parallax_y_start\":\"\",\"parallax_y_end\":\"\",\"title_font_family\":\"\"},\"children\":[{\"type\":\"description_list_item\",\"props\":{\"title\":\"Hierontapalvelu\",\"meta\":\"40,-\",\"content\":\"\n\n<p>30 minuuttia<\\\/p>\"}},{\"type\":\"description_list_item\",\"props\":{\"title\":\"Hierontapalvelu\",\"meta\":\"50,-\",\"content\":\"\n\n<p>45 minuuttia<\\\/p>\"}},{\"type\":\"description_list_item\",\"props\":{\"title\":\"Hierontapalvelu\",\"meta\":\"60,-\",\"content\":\"\n\n<p>60 minuuttia<\\\/p>\"}},{\"type\":\"description_list_item\",\"props\":{\"title\":\"Hierontapalvelu\",\"meta\":\"80,-\",\"content\":\"\n\n<p>90 minuuttia<\\\/p>\"}}]},{\"type\":\"text\",\"props\":{\"margin\":\"\",\"column_breakpoint\":\"m\",\"text_style\":\"meta\",\"text_color\":\"\",\"text_size\":\"\",\"column\":\"\",\"position\":\"\",\"position_z_index\":\"\",\"maxwidth\":\"xlarge\",\"maxwidth_breakpoint\":\"\",\"block_align\":\"center\",\"block_align_breakpoint\":\"\",\"block_align_fallback\":\"\",\"text_align\":\"\",\"text_align_breakpoint\":\"\",\"text_align_fallback\":\"\",\"animation\":\"\",\"visibility\":\"\",\"content\":\"\n\n<p>Pid\\u00e4t\\u00e4mme oikeudet hinnanmuutoksiin. Hinnat eiv\\u00e4t sis\\u00e4ll\\u00e4 arvonlis\\u00e4veroa, sill\\u00e4 koulutetun hierojan palveluista ei suoriteta arvonlis\\u00e4veroa. Pyyd\\u00e4n perumaan varatun ajan v\\u00e4hint\\u00e4\\u00e4n vuorokautta ennen sovittua aikaa.<\\\/p>\"}},{\"type\":\"image\",\"props\":{\"margin\":\"default\",\"image_svg_color\":\"emphasis\",\"link_target\":\"\",\"image_border\":\"\",\"image_box_shadow\":\"\",\"image_hover_box_shadow\":\"\",\"image_box_decoration\":\"\",\"position\":\"\",\"position_z_index\":\"\",\"maxwidth\":\"xlarge\",\"maxwidth_breakpoint\":\"\",\"block_align\":\"center\",\"block_align_breakpoint\":\"\",\"block_align_fallback\":\"\",\"text_align\":\"center\",\"text_align_breakpoint\":\"\",\"text_align_fallback\":\"\",\"animation\":\"\",\"visibility\":\"\",\"image\":\"wp-content\\\/uploads\\\/Maksutavat.png\",\"image_width\":\"\"}}]}]}],\"name\":\"Hinnasto\"},{\"type\":\"section\",\"props\":{\"style\":\"default\",\"width\":\"default\",\"vertical_align\":\"middle\",\"title_position\":\"top-left\",\"title_rotation\":\"left\",\"title_breakpoint\":\"xl\",\"image_position\":\"center-center\",\"text_color\":\"\",\"width_expand\":\"\",\"height\":\"\",\"padding\":\"small\",\"header_transparent\":\"\",\"animation\":\"\",\"image\":\"\",\"id\":\"time\",\"padding_remove_top\":false,\"padding_remove_bottom\":false},\"children\":[{\"type\":\"row\",\"props\":{\"layout\":\"1-1\",\"breakpoint\":\"m\",\"fixed_width\":\"large\",\"gutter\":\"\",\"width\":\"\",\"width_expand\":\"\",\"height\":\"\",\"margin\":\"xlarge\",\"id\":\"\",\"order_last\":true,\"divider\":false,\"match\":true,\"margin_remove_bottom\":false,\"margin_remove_top\":false},\"children\":[{\"type\":\"column\",\"props\":{\"widths\":[\"1-1\"],\"image_position\":\"center-center\",\"media_overlay_gradient\":\"\",\"vertical_align\":\"\",\"style\":\"\",\"text_color\":\"\",\"padding\":\"small\"},\"children\":[{\"type\":\"headline\",\"props\":{\"title_element\":\"h2\",\"title_style\":\"\",\"title_decoration\":\"\",\"title_color\":\"\",\"position\":\"\",\"position_z_index\":\"\",\"margin\":\"\",\"maxwidth\":\"xlarge\",\"maxwidth_breakpoint\":\"\",\"block_align\":\"center\",\"block_align_breakpoint\":\"m\",\"block_align_fallback\":\"center\",\"text_align\":\"\",\"text_align_breakpoint\":\"\",\"text_align_fallback\":\"\",\"animation\":\"\",\"visibility\":\"\",\"content\":\"Varaa aika\",\"parallax_breakpoint\":\"m\",\"parallax_y_start\":\"100\",\"parallax_y_end\":\"-100\",\"title_font_family\":\"\"}},{\"type\":\"text\",\"props\":{\"margin\":\"\",\"column_breakpoint\":\"m\",\"text_style\":\"lead\",\"text_color\":\"\",\"text_size\":\"\",\"column\":\"\",\"position\":\"\",\"position_z_index\":\"\",\"maxwidth\":\"xlarge\",\"maxwidth_breakpoint\":\"\",\"block_align\":\"center\",\"block_align_breakpoint\":\"\",\"block_align_fallback\":\"\",\"text_align\":\"\",\"text_align_breakpoint\":\"\",\"text_align_fallback\":\"\",\"animation\":\"\",\"visibility\":\"\",\"content\":\"\n\n<p>Ota yhteytt\\u00e4 viestill\\u00e4, soittamalla tai s\\u00e4hk\\u00f6postitse. Aikoja l\\u00f6ytyy joustavasti. Kannattaa kysy\\u00e4 my\\u00f6s kiireaikoja.<\\\/p>\"}},{\"type\":\"grid\",\"props\":{\"show_title\":true,\"show_meta\":true,\"show_content\":true,\"show_image\":true,\"show_link\":true,\"grid_default\":\"1\",\"grid_medium\":\"2\",\"filter_style\":\"tab\",\"filter_all\":true,\"filter_position\":\"top\",\"filter_align\":\"left\",\"filter_grid_width\":\"auto\",\"filter_breakpoint\":\"m\",\"title_hover_style\":\"reset\",\"title_element\":\"h4\",\"title_align\":\"top\",\"title_grid_width\":\"1-2\",\"title_breakpoint\":\"m\",\"meta_style\":\"meta\",\"meta_align\":\"below-title\",\"icon_ratio\":4,\"image_align\":\"top\",\"image_grid_width\":\"1-2\",\"image_breakpoint\":\"m\",\"image_svg_color\":\"emphasis\",\"link_text\":\"Read more\",\"link_style\":\"default\",\"margin\":\"default\",\"item_animation\":\"\",\"gutter\":\"\",\"grid_small\":\"2\",\"grid_large\":\"2\",\"grid_xlarge\":\"2\",\"filter_margin\":\"\",\"filter_gutter\":\"\",\"title_display\":\"\",\"content_display\":\"\",\"panel_style\":\"card-hover\",\"panel_content_padding\":\"\",\"panel_size\":\"\",\"item_maxwidth\":\"xlarge\",\"title_style\":\"h4\",\"title_decoration\":\"\",\"title_font_family\":\"\",\"title_color\":\"\",\"title_gutter\":\"\",\"title_margin\":\"small\",\"meta_color\":\"\",\"meta_margin\":\"\",\"content_style\":\"\",\"content_margin\":\"\",\"image_transition\":\"\",\"image_border\":\"\",\"image_box_shadow\":\"\",\"image_hover_box_shadow\":\"\",\"image_box_decoration\":\"\",\"icon_color\":\"\",\"image_gutter\":\"\",\"image_margin\":\"\",\"link_type\":\"element\",\"link_size\":\"\",\"link_margin\":\"\",\"position\":\"\",\"position_z_index\":\"\",\"maxwidth\":\"xlarge\",\"maxwidth_breakpoint\":\"\",\"block_align\":\"center\",\"block_align_breakpoint\":\"\",\"block_align_fallback\":\"\",\"text_align\":\"center\",\"text_align_breakpoint\":\"\",\"text_align_fallback\":\"\",\"visibility\":\"\",\"divider\":true},\"children\":[{\"type\":\"grid_item\",\"props\":{\"title\":\"\",\"content\":\"\n\n<p>041 547 7482<\\\/p>\",\"image\":\"wp-content\\\/uploads\\\/iphone.svg\",\"link\":\"tel:0415477482\"}},{\"type\":\"grid_item\",\"props\":{\"title\":\"\",\"content\":\"\n\n<p>sami@urheiluhierojasami.fi<\\\/p>\",\"icon\":\"\",\"image\":\"wp-content\\\/uploads\\\/email.svg\",\"link\":\"mailto:sami@urheiluhierojasami.fi\"}}]},{\"type\":\"text\",\"props\":{\"margin\":\"\",\"column_breakpoint\":\"m\",\"text_style\":\"meta\",\"text_color\":\"\",\"text_size\":\"\",\"column\":\"\",\"position\":\"\",\"position_z_index\":\"\",\"maxwidth\":\"xlarge\",\"maxwidth_breakpoint\":\"\",\"block_align\":\"center\",\"block_align_breakpoint\":\"\",\"block_align_fallback\":\"\",\"text_align\":\"\",\"text_align_breakpoint\":\"\",\"text_align_fallback\":\"\",\"animation\":\"\",\"visibility\":\"\",\"content\":\"\n\n<p>Vastaan yhteydenottoihin useimmiten v\\u00e4litt\\u00f6m\\u00e4sti, kuitenkin viimeist\\u00e4\\u00e4n muutaman tunnin kuluessa.<\\\/p>\"}}]}]}],\"name\":\"Ajanvaraus\"}],\"version\":\"1.21.5\",\"props\":[]} --><\/p>\n","protected":false},"excerpt":{"rendered":"<p>Asiakastyytyv\u00e4isyys on kunnia-asia Huolehdin kehosi kuntoon Palveluhinnasto Klassinen hieronta, urheiluhieronta, nivelmobilisointia tai venytyksi\u00e4 &#8211; hinta sis\u00e4lt\u00e4\u00e4 kokonaisvaltaisen palvelun. Hierontapalvelu 40,- 30 minuuttia Hierontapalvelu 50,- 45 minuuttia Hierontapalvelu 60,- 60 minuuttia Hierontapalvelu 80,- 90 minuuttia Pid\u00e4t\u00e4mme oikeudet hinnanmuutoksiin. Hinnat eiv\u00e4t sis\u00e4ll\u00e4 arvonlis\u00e4veroa, sill\u00e4 koulutetun hierojan palveluista ei suoriteta arvonlis\u00e4veroa. Pyyd\u00e4n perumaan varatun ajan v\u00e4hint\u00e4\u00e4n vuorokautta ennen [&hellip;]<\/p>\n","protected":false},"author":1,"featured_media":0,"parent":0,"menu_order":0,"comment_status":"closed","ping_status":"closed","template":"","meta":[],"_links":{"self":[{"href":"https:\/\/www.urheiluhierojasami.fi\/index.php?rest_route=\/wp\/v2\/pages\/23"}],"collection":[{"href":"https:\/\/www.urheiluhierojasami.fi\/index.php?rest_route=\/wp\/v2\/pages"}],"about":[{"href":"https:\/\/www.urheiluhierojasami.fi\/index.php?rest_route=\/wp\/v2\/types\/page"}],"author":[{"embeddable":true,"href":"https:\/\/www.urheiluhierojasami.fi\/index.php?rest_route=\/wp\/v2\/users\/1"}],"replies":[{"embeddable":true,"href":"https:\/\/www.urheiluhierojasami.fi\/index.php?rest_route=%2Fwp%2Fv2%2Fcomments&post=23"}],"version-history":[{"count":56,"href":"https:\/\/www.urheiluhierojasami.fi\/index.php?rest_route=\/wp\/v2\/pages\/23\/revisions"}],"predecessor-version":[{"id":294,"href":"https:\/\/www.urheiluhierojasami.fi\/index.php?rest_route=\/wp\/v2\/pages\/23\/revisions\/294"}],"wp:attachment":[{"href":"https:\/\/www.urheiluhierojasami.fi\/index.php?rest_route=%2Fwp%2Fv2%2Fmedia&parent=23"}],"curies":[{"name":"wp","href":"https:\/\/api.w.org\/{rel}","templated":true}]}}